t common divisor of 1027194 and 20202.
1554
What is the highest common divisor of 73347 and 552?
69
Calculate the highest common factor of 1464 and 4873656.
1464
What is the highest common divisor of 3701 and 1?
1
Calculate the highest common factor of 24320 and 80000.
640
What is the highest common factor of 10132416 and 718?
718
What is the highest common divisor of 157 and 351680?
157
What is the greatest common factor of 18097222 and 286?
286
Calculate the greatest common factor of 744 and 41292.
372
What is the greatest common factor of 177219 and 1449?
63
Calculate the greatest common divisor of 702 and 326469.
39
Calculate the greatest common divisor of 4365 and 61965.
45
What is the highest common divisor of 23468 and 194?
2
Calculate the highest common divisor of 11350 and 30150.
50
Calculate the highest common factor of 30 and 293814.
6
What is the greatest common divisor of 1022 and 686?
14
What is the greatest common factor of 7 and 17269?
7
Calculate the greatest common factor of 93066 and 6.
6
What is the greatest common factor of 66 and 15543?
33
Calculate the highest common factor of 38850 and 84.
42
What is the highest common divisor of 46 and 85583?
23
Calculate the highest common factor of 11 and 113432.
11
What is the greatest common factor of 17129120 and 20?
20
What is the greatest common divisor of 575 and 3005525?
575
What is the highest common divisor of 160888 and 56?
56
Calculate the greatest common factor of 781 and 1705.
11
What is the highest common factor of 546 and 3471?
39
Calculate the highest common divisor of 16772 and 56.
28
What is the greatest common divisor of 54043 and 1683?
187
What is the greatest common divisor of 1514827 and 574?
41
What is the highest common factor of 690 and 82065?
15
What is the greatest common factor of 154 and 596662?
22
What is the highest common divisor of 411 and 49731?
411
What is the highest common divisor of 3620 and 1310?
10
Calculate the greatest common divisor of 1824 and 230964.
228
Calculate the greatest common divisor of 97088 and 82.
82
Calculate the greatest common factor of 26192 and 480.
16
Calculate the greatest common divisor of 1631 and 672.
7
Calculate the greatest common divisor of 648846 and 791.
113
What is the highest common factor of 108 and 41772?
12
Calculate the greatest common factor of 88120 and 40.
40
Calculate the greatest common divisor of 21 and 506436.
21
Calculate the greatest common divisor of 12137 and 1431.
53
What is the greatest common divisor of 63664 and 1038?
346
Calculate the greatest common factor of 424 and 200.
8
What is the highest common factor of 115206 and 21?
21
Calculate the highest common factor of 11226 and 906.
6
Calculate the highest common divisor of 78984 and 72.
72
What is the highest common factor of 495 and 278487?
99
What is the greatest common divisor of 1241 and 30311?
17
Calculate the greatest common factor of 1988 and 686.
14
What is the greatest common factor of 216 and 16056?
72
Calculate the highest common divisor of 1584 and 78276.
132
Calculate the highest common divisor of 646 and 16397.
19
Calculate the highest common divisor of 10192 and 756.
28
What is the greatest common divisor of 18 and 18672?
6
What is the highest common factor of 10728 and 188634?
894
What is the greatest common divisor of 387130 and 5?
5
What is the highest common factor of 9202570 and 39?
13
What is the highest common factor of 775476 and 468?
468
Calculate the greatest common factor of 1314404 and 7.
7
Calculate the greatest common divisor of 84318 and 312.
78
What is the highest common divisor of 3094 and 86751?
119
What is the greatest common factor of 6630 and 3666?
78
Calculate the greatest common divisor of 50 and 251960.
10
What is the greatest common factor of 128 and 75424?
32
What is the highest common divisor of 324 and 26406?
162
Calculate the highest common factor of 6776 and 440.
88
What is the highest common factor of 168 and 152580?
12
What is the highest common factor of 354 and 63956?
118
Calculate the highest common divisor of 9212 and 32732.
196
What is the greatest common factor of 688 and 1763?
43
What is the highest common divisor of 7528848 and 1744?
1744
Calculate the greatest common factor of 5453 and 11480.
287
Calculate the greatest common divisor of 734785 and 659.
659
What is the greatest common divisor of 1512 and 989604?
756
Calculate the greatest common factor of 642 and 210.
6
What is the greatest common factor of 15 and 6945?
15
Calculate the highest common factor of 34 and 44098.
34
Calculate the greatest common factor of 620 and 370.
10
What is the highest common divisor of 330 and 26202?
66
Calculate the highest common divisor of 572080 and 140.
20
What is the greatest common factor of 67 and 9715?
67
Calculate the highest common factor of 32071 and 26.
13
What is the highest common divisor of 2693727 and 458?
229
What is the highest common factor of 485825 and 400?
25
Calculate the highest common factor of 280 and 1779820.
140
What is the highest common divisor of 2007 and 32247?
9
What is the greatest common factor of 176705 and 590?
295
What is the greatest common factor of 257056 and 29?
29
What is the greatest common factor of 1504 and 526024?
376
Calculate the highest common divisor of 14678 and 7160.
358
What is the greatest common divisor of 13727 and 518?
259
What is the greatest common divisor of 418 and 17062?
38
What is the highest common divisor of 20116 and 320572?
428
What is the greatest common factor of 131400 and 1548?
36
Calculate the highest common factor of 1641164 and 16.
4
What is the greatest common divisor of 73 and 3838559?
73
What is the highest common factor of 1167 and 6?
3
What is the highest common factor of 46 and 38985?
23
Calculate the highest common divisor of 9590 and 1120.
70
Calculate the highest common divisor of 6714 and 8579.
373
Calculate the highest common divisor of 778679 and 319.
319
Calculate the highest common divisor of 662 and 2317.
331
What is the highest common divisor of 26746 and 4214?
86
What is the greatest common divisor of 1078002 and 135?
27
Calculate the greatest common factor of 1245 and 27075.
15
What is the greatest common factor of 669 and 6978?
3
What is the greatest common divisor of 345 and 111918?
69
What is the highest common divisor of 193359 and 87?
3
What is the greatest common divisor of 1846 and 18318?
142
Calculate the greatest common divisor of 2199296 and 852.
284
Calculate the greatest common divisor of 105 and 154595.
35
Calculate the greatest common factor of 7514 and 234.
26
What is the highest common factor of 88413 and 663?
39
What is the greatest common divisor of 8487840 and 192?
96
Calculate the greatest common divisor of 525 and 10425.
75
Calculate the greatest common divisor of 455 and 113555.
65
What is the highest common factor of 1330 and 201222?
14
What is the highest common factor of 7546 and 682?
22
What is the highest common factor of 204259 and 31?
31
What is the greatest common divisor of 52310 and 10?
10
What is the greatest common divisor of 1010 and 1170388?
202
What is the highest common divisor of 11052 and 8847?
9
Calculate the highest common factor of 12 and 1976124.
12
Calculate the greatest common factor of 486 and 46413.
243
What is the greatest common factor of 7424 and 138736?
464
Calculate the greatest common factor of 5 and 8543.
1
What is the highest common factor of 192 and 62148?
12
Calculate the greatest common factor of 49 and 33487.
1
What is the highest common divisor of 8214 and 1702?
74
Calculate the highest common factor of 140 and 10747590.
70
What is the greatest common divisor of 21 and 44604?
21
What is the greatest common factor of 32 and 12568?
8
Calculate the highest common divisor of 2594289 and 177.
177
Calculate the greatest common divisor of 11 and 229152.
11
Calculate the greatest common divisor of 3856 and 3056.
16
Calculate the highest common divisor of 164207 and 403.
31
What is the highest common divisor of 951804 and 12?
12
What is the highest common factor of 2816 and 550?
22
What is the greatest common divisor of 123 and 5976693?
123
Calculate the greatest common factor of 9617 and 177.
59
Calculate the highest common divisor of 14484 and 1020.
204
